{"id":182,"date":"2013-10-21T18:10:31","date_gmt":"2013-10-21T16:10:31","guid":{"rendered":"http:\/\/www.isabelaromasdelmundo.es\/blog\/?page_id=182"},"modified":"2013-11-12T21:50:40","modified_gmt":"2013-11-12T19:50:40","slug":"galeria-de-imagenes-2","status":"publish","type":"page","link":"https:\/\/www.isabelaromasdelmundo.es\/blog\/galeria-de-imagenes-2\/","title":{"rendered":"Galer\u00eda de Im\u00e1genes"},"content":{"rendered":"<p style=\"text-align: left;\"><strong><span style=\"color: #cc99ff;\">Jabones Naturales Artesanos.<\/span><\/strong><\/p>\n<p style=\"text-align: left;\"><img decoding=\"async\" loading=\"lazy\" class=\"wp-image-162\" alt=\"minipastillas2\" src=\"https:\/\/www.isabelaromasdelmundo.es\/blog\/wp-content\/uploads\/2013\/10\/minipastillas2-300x195.jpg\" width=\"300\" height=\"195\" srcset=\"https:\/\/www.isabelaromasdelmundo.es\/blog\/wp-content\/uploads\/2013\/10\/minipastillas2-300x195.jpg 300w, https:\/\/www.isabelaromasdelmundo.es\/blog\/wp-content\/uploads\/2013\/10\/minipastillas2.jpg 353w\" sizes=\"(max-width: 300px) 100vw, 300px\" \/><\/p>\n<p style=\"text-align: left;\"><span style=\"color: #cc99ff;\">Jab\u00f3n Natural Artesano de Oliva y Aceites Esenciales<\/span><\/p>\n<p style=\"text-align: left;\"><img decoding=\"async\" loading=\"lazy\" class=\"wp-image-161\" alt=\"jabon-natural-almendra\" src=\"https:\/\/www.isabelaromasdelmundo.es\/blog\/wp-content\/uploads\/2013\/10\/jabon-natural-almendra-300x300.jpg\" width=\"300\" height=\"300\" srcset=\"https:\/\/www.isabelaromasdelmundo.es\/blog\/wp-content\/uploads\/2013\/10\/jabon-natural-almendra-300x300.jpg 300w, https:\/\/www.isabelaromasdelmundo.es\/blog\/wp-content\/uploads\/2013\/10\/jabon-natural-almendra-150x150.jpg 150w, https:\/\/www.isabelaromasdelmundo.es\/blog\/wp-content\/uploads\/2013\/10\/jabon-natural-almendra.jpg 600w\" sizes=\"(max-width: 300px) 100vw, 300px\" \/><\/p>\n<p style=\"text-align: left;\"><span style=\"color: #cc99ff;\">\u00a0\u00a0Jab\u00f3n Natural Artesano de Oliva y Almendra.<\/span><\/p>\n<p style=\"text-align: left;\"><img decoding=\"async\" loading=\"lazy\" class=\"wp-image-160\" alt=\"bloque-jabon-argan-300x300\" src=\"https:\/\/www.isabelaromasdelmundo.es\/blog\/wp-content\/uploads\/2013\/10\/bloque-jabon-argan-300x300.jpg\" width=\"300\" height=\"300\" srcset=\"https:\/\/www.isabelaromasdelmundo.es\/blog\/wp-content\/uploads\/2013\/10\/bloque-jabon-argan-300x300.jpg 300w, https:\/\/www.isabelaromasdelmundo.es\/blog\/wp-content\/uploads\/2013\/10\/bloque-jabon-argan-300x300-150x150.jpg 150w\" sizes=\"(max-width: 300px) 100vw, 300px\" \/><\/p>\n<p style=\"text-align: left;\"><span style=\"color: #cc99ff;\">Jab\u00f3n Natural Artesano de Oliva y Aceite de Arg\u00e1n.<\/span><\/p>\n<p style=\"text-align: left;\"><img decoding=\"async\" loading=\"lazy\" class=\"wp-image-159\" alt=\"barrajabonglicerinaalmizcle\" src=\"https:\/\/www.isabelaromasdelmundo.es\/blog\/wp-content\/uploads\/2013\/10\/barrajabonglicerinaalmizcle-300x197.jpg\" width=\"300\" height=\"197\" srcset=\"https:\/\/www.isabelaromasdelmundo.es\/blog\/wp-content\/uploads\/2013\/10\/barrajabonglicerinaalmizcle-300x197.jpg 300w, https:\/\/www.isabelaromasdelmundo.es\/blog\/wp-content\/uploads\/2013\/10\/barrajabonglicerinaalmizcle.jpg 350w\" sizes=\"(max-width: 300px) 100vw, 300px\" \/><\/p>\n<p style=\"text-align: left;\"><span style=\"color: #cc99ff;\">Jab\u00f3n Natural Artesano de Glicerina Org\u00e1nica aroma Musgo Blanco.<\/span><\/p>\n<p style=\"text-align: left;\"><img decoding=\"async\" loading=\"lazy\" class=\"wp-image-157\" alt=\"121-202\" src=\"https:\/\/www.isabelaromasdelmundo.es\/blog\/wp-content\/uploads\/2013\/10\/121-202.jpg\" width=\"300\" height=\"300\" srcset=\"https:\/\/www.isabelaromasdelmundo.es\/blog\/wp-content\/uploads\/2013\/10\/121-202.jpg 300w, https:\/\/www.isabelaromasdelmundo.es\/blog\/wp-content\/uploads\/2013\/10\/121-202-150x150.jpg 150w\" sizes=\"(max-width: 300px) 100vw, 300px\" \/><\/p>\n<p style=\"text-align: left;\"><span style=\"color: #cc99ff;\">Jab\u00f3n Natural Artesano de Glicerina Natural aroma Brisa.<\/span><\/p>\n<p style=\"text-align: left;\"><img decoding=\"async\" loading=\"lazy\" alt=\"barra-glicerina-rosa\" src=\"https:\/\/www.isabelaromasdelmundo.es\/blog\/wp-content\/uploads\/2013\/10\/barra-glicerina-rosa-300x117.jpg\" width=\"300\" height=\"117\" \/><\/p>\n<p style=\"text-align: left;\"><span style=\"color: #cc99ff;\">Jab\u00f3n Natural Artesano de Glicerina natural aroma Rosas<\/span>.<\/p>\n<p style=\"text-align: left;\"><span style=\"color: #cc99ff;\">Puedes encontrar todos estos productos si te diriges a nuestra tienda online:<\/span><\/p>\n<p style=\"text-align: left;\"><a href=\"http:\/\/www.isabelaromasdelmundo.es\">www.isabelaromasdelmundo.es<\/a><\/p>\n","protected":false},"excerpt":{"rendered":"<p>Jabones Naturales Artesanos. Jab\u00f3n Natural Artesano de Oliva y Aceites Esenciales \u00a0\u00a0Jab\u00f3n Natural Artesano de Oliva y Almendra. Jab\u00f3n Natural Artesano de Oliva y Aceite de Arg\u00e1n. Jab\u00f3n Natural Artesano de Glicerina Org\u00e1nica aroma Musgo Blanco. Jab\u00f3n Natural Artesano de &hellip; <a href=\"https:\/\/www.isabelaromasdelmundo.es\/blog\/galeria-de-imagenes-2\/\">Sigue leyendo <span class=\"meta-nav\">&rarr;<\/span><\/a><\/p>\n","protected":false},"author":2,"featured_media":0,"parent":0,"menu_order":3,"comment_status":"open","ping_status":"open","template":"sidebar-page.php","meta":[],"_links":{"self":[{"href":"https:\/\/www.isabelaromasdelmundo.es\/blog\/wp-json\/wp\/v2\/pages\/182"}],"collection":[{"href":"https:\/\/www.isabelaromasdelmundo.es\/blog\/wp-json\/wp\/v2\/pages"}],"about":[{"href":"https:\/\/www.isabelaromasdelmundo.es\/blog\/wp-json\/wp\/v2\/types\/page"}],"author":[{"embeddable":true,"href":"https:\/\/www.isabelaromasdelmundo.es\/blog\/wp-json\/wp\/v2\/users\/2"}],"replies":[{"embeddable":true,"href":"https:\/\/www.isabelaromasdelmundo.es\/blog\/wp-json\/wp\/v2\/comments?post=182"}],"version-history":[{"count":20,"href":"https:\/\/www.isabelaromasdelmundo.es\/blog\/wp-json\/wp\/v2\/pages\/182\/revisions"}],"predecessor-version":[{"id":351,"href":"https:\/\/www.isabelaromasdelmundo.es\/blog\/wp-json\/wp\/v2\/pages\/182\/revisions\/351"}],"wp:attachment":[{"href":"https:\/\/www.isabelaromasdelmundo.es\/blog\/wp-json\/wp\/v2\/media?parent=182"}],"curies":[{"name":"wp","href":"https:\/\/api.w.org\/{rel}","templated":true}]}}

Galería de Imágenes

<p style="text-align: left;"><strong><span style="color: #cc99ff;">Jabones Naturales Artesanos.</span></strong></p>
<p style="text-align: left;"><img decoding="async" loading="lazy" class="wp-image-162" alt="minipastillas2" src="https://www.isabelaromasdelmundo.es/blog/wp-content/uploads/2013/10/minipastillas2-300x195.jpg" width="300" height="195" srcset="https://www.isabelaromasdelmundo.es/blog/wp-content/uploads/2013/10/minipastillas2-300x195.jpg 300w, https://www.isabelaromasdelmundo.es/blog/wp-content/uploads/2013/10/minipastillas2.jpg 353w" sizes="(max-width: 300px) 100vw, 300px" /></p>
<p style="text-align: left;"><span style="color: #cc99ff;">Jabón Natural Artesano de Oliva y Aceites Esenciales</span></p>
<p style="text-align: left;"><img decoding="async" loading="lazy" class="wp-image-161" alt="jabon-natural-almendra" src="https://www.isabelaromasdelmundo.es/blog/wp-content/uploads/2013/10/jabon-natural-almendra-300x300.jpg" width="300" height="300" srcset="https://www.isabelaromasdelmundo.es/blog/wp-content/uploads/2013/10/jabon-natural-almendra-300x300.jpg 300w, https://www.isabelaromasdelmundo.es/blog/wp-content/uploads/2013/10/jabon-natural-almendra-150x150.jpg 150w, https://www.isabelaromasdelmundo.es/blog/wp-content/uploads/2013/10/jabon-natural-almendra.jpg 600w" sizes="(max-width: 300px) 100vw, 300px" /></p>
<p style="text-align: left;"><span style="color: #cc99ff;">  Jabón Natural Artesano de Oliva y Almendra.</span></p>
<p style="text-align: left;"><img decoding="async" loading="lazy" class="wp-image-160" alt="bloque-jabon-argan-300x300" src="https://www.isabelaromasdelmundo.es/blog/wp-content/uploads/2013/10/bloque-jabon-argan-300x300.jpg" width="300" height="300" srcset="https://www.isabelaromasdelmundo.es/blog/wp-content/uploads/2013/10/bloque-jabon-argan-300x300.jpg 300w, https://www.isabelaromasdelmundo.es/blog/wp-content/uploads/2013/10/bloque-jabon-argan-300x300-150x150.jpg 150w" sizes="(max-width: 300px) 100vw, 300px" /></p>
<p style="text-align: left;"><span style="color: #cc99ff;">Jabón Natural Artesano de Oliva y Aceite de Argán.</span></p>
<p style="text-align: left;"><img decoding="async" loading="lazy" class="wp-image-159" alt="barrajabonglicerinaalmizcle" src="https://www.isabelaromasdelmundo.es/blog/wp-content/uploads/2013/10/barrajabonglicerinaalmizcle-300x197.jpg" width="300" height="197" srcset="https://www.isabelaromasdelmundo.es/blog/wp-content/uploads/2013/10/barrajabonglicerinaalmizcle-300x197.jpg 300w, https://www.isabelaromasdelmundo.es/blog/wp-content/uploads/2013/10/barrajabonglicerinaalmizcle.jpg 350w" sizes="(max-width: 300px) 100vw, 300px" /></p>
<p style="text-align: left;"><span style="color: #cc99ff;">Jabón Natural Artesano de Glicerina Orgánica aroma Musgo Blanco.</span></p>
<p style="text-align: left;"><img decoding="async" loading="lazy" class="wp-image-157" alt="121-202" src="https://www.isabelaromasdelmundo.es/blog/wp-content/uploads/2013/10/121-202.jpg" width="300" height="300" srcset="https://www.isabelaromasdelmundo.es/blog/wp-content/uploads/2013/10/121-202.jpg 300w, https://www.isabelaromasdelmundo.es/blog/wp-content/uploads/2013/10/121-202-150x150.jpg 150w" sizes="(max-width: 300px) 100vw, 300px" /></p>
<p style="text-align: left;"><span style="color: #cc99ff;">Jabón Natural Artesano de Glicerina Natural aroma Brisa.</span></p>
<p style="text-align: left;"><img decoding="async" loading="lazy" alt="barra-glicerina-rosa" src="https://www.isabelaromasdelmundo.es/blog/wp-content/uploads/2013/10/barra-glicerina-rosa-300x117.jpg" width="300" height="117" /></p>
<p style="text-align: left;"><span style="color: #cc99ff;">Jabón Natural Artesano de Glicerina natural aroma Rosas</span>.</p>
<p style="text-align: left;"><span style="color: #cc99ff;">Puedes encontrar todos estos productos si te diriges a nuestra tienda online:</span></p>
<p style="text-align: left;"><a href="http://www.isabelaromasdelmundo.es">www.isabelaromasdelmundo.es</a></p>

<p>Jabones Naturales Artesanos. Jabón Natural Artesano de Oliva y Aceites Esenciales   Jabón Natural Artesano de Oliva y Almendra. Jabón Natural Artesano de Oliva y Aceite de Argán. Jabón Natural Artesano de Glicerina Orgánica aroma Musgo Blanco. Jabón Natural Artesano de &hellip; <a href="https://www.isabelaromasdelmundo.es/blog/galeria-de-imagenes-2/">Sigue leyendo <span class="meta-nav">&rarr;</span></a></p>
